 7 = -o. Let w be z/4*(8 + -24). Suppose t = -n + 17, 4*n = w*t - 3*t - 121. What is the tens digit of t?
2
Let s be 1/(-5) - 7546/(-55). Let i = s + -43. What is the units digit of i?
4
Suppose 4*m = -3*c - m + 87, -m - 69 = -3*c. Suppose c*o - 22*o - 234 = 0. What is the tens digit of o?
1
What is the units digit of 3/(-24) - (-22363)/152?
7
Let k(m) = -86*m + 15. Let t(h) = -1. Let y(i) = k(i) - 2*t(i). What is the units digit of y(-3)?
5
Let w(b) be the third derivative of b**6/120 + 35*b**3/2 + 17*b**2. What is the units digit of w(0)?
5
Suppose -5*r - 15 = -0*r. Let n = 119 - -91. What is the units digit of n/18 + 2/r?
1
Let k(f) = 175*f - 143. What is the tens digit of k(16)?
5
Suppose 2*h + 171 = -r + 7*h, -2*r - 4*h = 300. Let c = r + 243. What is the tens digit of c?
8
Let u(n) = 15*n**2 - 25*n - 95. What is the hundreds digit of u(-5)?
4
What is the hundreds digit of 160/(-280) - ((-39026)/14 - 4)?
7
Let a = -100 - -128. What is the units digit of a?
8
Let k = 12 + -4. Suppose k*n = o + 7*n + 6, -3*o - 34 = 5*n. Let v = o + 11. What is the units digit of v?
3
Suppose -6*k = -4*k. Suppose 3*n + 3*g - 93 = 6*g, k = 4*n - 2*g - 126. Suppose -3*w + n + 61 = 0. What is the units digit of w?
1
Let a(x) = 38*x + 21 - 2*x - 24*x. What is the units digit of a(9)?
9
Suppose -5*v + 35 = 10. Suppose 5*g - 4*a - 13 = 0, -g + 0*g - v = 3*a. What is the units digit of g?
1
Let c(z) = 3*z**2 + 19*z + 10. Let l(h) = -h**2 - 10*h - 5. Let i(x) = 4*c(x) + 7*l(x). What is the units digit of i(-4)?
1
Let v(w) be the first derivative of -w**5/30 - w**4/6 - 2*w**3/3 + 1. Let j(g) be the third derivative of v(g). What is the tens digit of j(-6)?
2
Suppose -2*q + 26 = -2*h, q + 5*h - 2 + 13 = 0. Let s(o) be the first derivative of -o**4/4 + 10*o**3/3 - 7*o**2/2 - 7*o + 27. What is the tens digit of s(q)?
1
Let w = 493 - 221. Suppose 2*g - w = -4*q, 2*g - q = 298 - 6. Suppose -3*o - k + 154 = 0, -g - 136 = -5*o + 3*k. What is the tens digit of o?
5
Suppose 4*z + 11*v - 2724 = 16*v, 4 = -v. What is the hundreds digit of z?
6
Let l = 20 - 18. Suppose -110 = -l*z - 0*z. What is the tens digit of z?
5
Suppose 36488 = 24*c - 6256. What is the hundreds digit of c?
7
Suppose -4*c = -4*p + 7076, 0 = -3*c + 5 - 8. Suppose 7*n - p = -n. What is the hundreds digit of n?
2
Let a = 1114 + 2372. What is the units digit of a?
6
Let h(k) be the second derivative of k**4/12 + 11*k**3/6 - 3*k**2/2 - 6*k. Let f be h(-6). Let m = 63 + f. What is the units digit of m?
0
Suppose -5*f + s = 14, 3*f - 3*s + 19 = 1. Let o = 3 - f. Suppose -o*p + 39 = 9. What is the units digit of p?
6
Let n(o) = 10*o - 8. What is the units digit of n(7)?
2
Let d(c) = -10*c**3 - 5*c**2 + 17*c**3 + c - 1 + 4*c + c**3. What is the units digit of d(2)?
3
Suppose -i = -m + 2*i - 8, 2*m = 4*i - 8. Suppose m*d = -s + 8, -10 = -0*s - 3*s - 5*d. Suppose r = 3*t - 45, 2*r + 0*r - 6 = s. What is the tens digit of t?
1
Let k = 377 - 133. What is the units digit of k?
4
Suppose 944 - 16984 = -5*k. What is the thousands digit of k?
3
Let n be 2/8 + 0 - (-209)/(-4). Let w = n - -57. What is the units digit of w?
5
Suppose i + 4*r = r - 7, 2*i - r = 0. Let x(v) = -8*v**3 + v**2. Let n be x(i). Suppose -n*j + 25 = -8*j. What is the units digit of j?
5
Let j(i) = -4*i - 3. Let z(x) = 5*x + 3. Let a(m) = -4*j(m) - 3*z(m). Let w be a(8). Suppose -w*l = -15*l + 80. What is the units digit of l?
0
Let b(f) = -3*f - 13. Let u be b(-12). Suppose -19*s = -u*s + 120. Suppose 0 = -3*m - 5*q + 29, 2*m - s = 2*q - 0*q. What is the units digit of m?
3
What is the units digit of -6 - -4 - 11265/(-3)?
3
Suppose 0 = -7*p + 6*p + 28. Suppose 0*z + 4*z = p. What is the tens digit of (-42)/(-4)*12/z?
1
Let p = -249 - -726. Let o = p + -294. What is the hundreds digit of o?
1
Let p(w) = 12*w**2 - 62*w - 25. What is the hundreds digit of p(12)?
9
What is the hundreds digit of 2121/14 + 1 + 1/2?
1
Let d(x) = -x**3 - x**2 - 2*x - 2. Let i be d(-1). Let a(w) = 2*w + 37. What is the tens digit of a(i)?
3
Suppose -5*n + 35 = -3*b, 5*b + 29 = -n + 2*n. Suppose n*i = 5*i - 15. Suppose -6*h = -h + 5*a - 40, -3*a = 2*h - i. What is the units digit of h?
9
Let q(i) be the third derivative of -i**6/40 - i**5/12 + i**4/12 + i**3/2 - 10*i**2. Let j be q(-5). Suppose j + 47 = 5*r. What is the tens digit of r?
5
Let c(p) = 11*p**2 - 30*p + 5. Let d(g) = 5*g**2 - 15*g + 2. Let w(m) = 4*c(m) - 9*d(m). Let y = -16 - -24. What is the tens digit of w(y)?
5
Suppose 6*g - 9*g - 6 = 0. What is the tens digit of g/(-4 + 5) - -66?
6
Suppose 2*h - 65 = 6*h + g, -2*g - 2 = 0. What is the tens digit of (0 - 1)/(h/928)?
5
Suppose 7*g - 66 = 228. Suppose 0 = 3*f - 315 - g. What is the hundreds digit of f?
1
What is the units digit of 1 + (-160)/(-5) + 6?
9
Suppose 5*r = 3*k + 617 + 274, -5*r + k + 887 = 0. What is the units digit of r?
7
Suppose 15 = 8*n - 5*n. Suppose 3*f - n = -5*r + 17, 0 = 3*f + 3*r - 24. Suppose f*w = 19 + 143. What is the units digit of w?
8
Suppose -3*y + 39 = 4*m, -2*y - 9 = y. Let a = m + -12. Suppose a = -4*q, 3*q = 4*z + q - 240. What is the units digit of z?
0
Suppose 44752 + 71742 = 53*m. What is the tens digit of m?
9
Let i be -3 - -5 - (1 + -5). Let v be (i/15)/((-2)/30). What is the units digit of -2*33/v*1?
1
Let q(n) = 11*n**3 + 3*n**2 - 8*n + 7. Let r(d) = -d**3 + d**2 - d + 1. Let l(w) = -q(w) + 6*r(w). What is the units digit of l(-2)?
3
Let c(h) = h**3 + 31*h**2 - 36*h + 6. What is the hundreds digit of c(-32)?
1
Let y = 1785 + -661. What is the thousands digit of y?
1
Let q(h) = -h**3 - 13*h**2 - 10*h + 29. Let b be q(-12). Suppose b*f + f - 282 = 0. What is the units digit of f?
7
Let t be (332/16 - 4)*-4. Let x = t + 122. What is the units digit of x?
5
Let j(w) = w**2 - 16*w + 13. Suppose -2*i - 5*x + 25 = 0, 3*i - 7*i = -2*x - 62. Let r be j(i). What is the tens digit of (-696)/12*1/r?
2
Let x = 33 + -36. Let b(t) = -29*t + 1. What is the units digit of b(x)?
8
Let i be (4 - 2)/((-4)/58). Let m = i - -83. What is the units digit of m?
4
Suppose -61 = -m + 4*g, -53*m - g = -56*m + 128. What is the tens digit of m?
4
Suppose 8 = 2*r - 0*r. Suppose r*z - 2*l = 116, -5*l + 16 = -l. What is the units digit of z?
1
Suppose 0 = -4*f - k + 212 + 335, 4*f - 4*k = 572. Suppose -2*s + 47 = a, -f = -4*a - s + 43. What is the units digit of a?
5
Let l(h) = -6*h**2 - 18*h. Let y be l(-17). Let f be (y/18)/(2/(-3)). Suppose 18 - f = -4*z + s, 3*z - 97 = 5*s. What is the tens digit of z?
2
Suppose -8158 = -5*p - 4*i, -3*p + 5*i + 1413 = -3467. What is the hundreds digit of p?
6
Let p(q) = 3*q + 5 + 2*q + 0*q. Let r = -53 - -59. What is the units digit of p(r)?
5
Suppose -3*c = 3*y - 4*y + 5, -10 = -4*y + 2*c. Suppose -3*w + 5*l + 52 = 0, -3*w + 2*l + 112 = y*w. What is the units digit of w?
4
Let o = -27 - -30. Suppose -o*z = z - 184. What is the tens digit of z?
4
Suppose 8*d = 1801 + 4191. What is the tens digit of d?
4
Let l = 1260 + -715. What is the tens digit of l?
4
Let q(i) = 74*i - 39. What is the units digit of q(5)?
1
Let p(l) = 2*l**3 + 24*l**2 - 30. What is the tens digit of p(-10)?
7
Suppose -5*l + 50 = 2*n, 0 = -4*l + 2*n - 3*n + 43. Suppose l*u + 1039 = 3607. What is the units digit of u?
4
Let t = -22 - -27. Suppose 0 = -c + t*c - 56. What is the units digit of c?
4
Suppose -5*s = 2*m - 787, -4*m - 2*s + 1563 = -3*s. What is the hundreds digit of m?
3
Let b = 1591 + -556. What is the hundreds digit of b?
0
Let m be (-9)/15 + (-736)/(-10). Let c = -40 + m. Suppose 0 = 5*v - 2 - c. What is the units digit of v?
7
Let p = -31 - -35. Let h be (-3)/(-12) + 35/p. What is the units digit of (-67)/(3*(-3)/h)?
7
What is the tens digit of (-31588)/(-13) + (-20)/(-130)?
3
Let p(v) = v**3 - 6*v**2 - v + 7. Let b be (-12)/2*(-10)/3. Let d be 64/10 - b/50. What is the units digit of p(d)?
1
Let l be (50/8)/(2/56). Suppose 4*v = -31 + l. Suppose -3*z = -33 - v. What is the tens digit of z?
2
Let a(y) = y**2 - 13 - y + 12 + 9*y + 3. Let v(h) = -3*h**2 - 15*h - 4. Let j(u) = -5*a(u) - 3*v(u). What is the units digit of j(-2)?
8
Let r(x) be the third derivative of x**5/60 - x**4/8 - 5*x**3/2 - 5*x**2. What is the tens digit of r(-9)?
9
Suppose 3*c = -g + 5239, 11*g - 8*g - 8737 = -5*c. What is the units digit of c?
5
Let z(x) be the t